 r be d(-6). Let f(s) = -s + 2*s + 0*s - r. Determine f(2).
0
Let d = 1 - 2. Let w(v) be the third derivative of 0*v + 0*v**4 - 4*v**2 + 1/6*v**3 + 0 - 1/15*v**5. Calculate w(d).
-3
Let g = 8 - 4. Let q(d) = 3 + 4 - g - 2*d**2 - 4. Give q(-1).
-3
Let d(h) = 4*h**2 - h**3 - 6*h - 5 + h**2 - 5*h**2 - 5*h**2. Let r(q) = 2*q + 3 + 3*q**2 - 4*q - q**3 - 1. Let v be r(3). What is d(v)?
3
Let v be (4 - 6/2) + -3. Let b = v - -4. Let x(k) = -3*k**2 + b*k + k - 4 - k**3 + 3 + 3. Calculate x(-4).
6
Let o(f) be the first derivative of -1/4*f**4 - 7*f - 2 - 2*f**3 - 1/2*f**2. Let p be o(-6). Let g(v) = -6*v + 1. Give g(p).
7
Let m(n) = n**3 - 7*n**2 + 6*n + 6. Let t be m(6). Let j(a) = t + 2 + 2*a - 3*a + 0*a. Determine j(0).
8
Let c(h) be the first derivative of -4*h**2 + h + 1. Let k be 3 + (-3)/(-1) + -7. Calculate c(k).
9
Let n(x) = -x**3 - 11*x**2 - 11*x - 8. Let w be n(-10). Let r = -5 + 7. Let p(z) = 2*z + 0*z**2 + 2*z**3 - 4*z**2 + 2*z**r - z**3. Give p(w).
4
Let l(z) = -z**2 + 7*z + 12. Let v = 49 + -40. Give l(v).
-6
Let y(o) = -o - 4. Let j(b) = b**2 - 9*b + 12. Let a be j(8). Suppose 8 = -a*v - 8. Calculate y(v).
0
Let y(o) = -5*o + 3. Let q(t) = 3*t**2. Suppose 0 = -u - 0 - 1. Let n be q(u). Determine y(n).
-12
Let c(t) = 7 - 2 - 4 - 5*t**2. Calculate c(-1).
-4
Let n be 1/(-1*(-1)/2). Let o = -5 - -9. Suppose o + 6 = -n*k. Let s(b) = -b + 5. What is s(k)?
10
Let g(n) be the second derivative of -n**6/120 + n**5/12 - n**4/8 - n**3/2 - n**2/2 + 3*n. Let k(c) be the first derivative of g(c). Give k(4).
1
Let d = -7 - -13. Suppose 0 = -v + x + 12, -2*x = v - 4*v + 35. Let i = d - v. Let w(n) = -n**3 - 5*n**2 - n - 3. What is w(i)?
2
Let y = -98 - -158. Suppose 7*q - 2*q - y = 0. Let j be 18/(-15)*(-40)/q. Let b(u) = u**2 - 5*u - 2. Determine b(j).
-6
Let g(m) = m**3 + 4*m**2 + m + 3. Suppose -11 = 3*a + 1. What is g(a)?
-1
Suppose -5*o = -3*h + 32, 5*o + 9 = -11. Let d(y) = -y**2 + 6*y + 3. Let k be d(6). Let r(g) = -1 - 2 - 2*g + k*g - 2. Determine r(h).
-1
Let h(f) = 5*f. Let s(n) = 4*n - 1. Let a(c) = -3*h(c) + 4*s(c). Determine a(7).
3
Let t(z) = -z**3 - 7*z**2 - 5*z - 2. Let q(v) = -v + 4. Let d be q(0). Let m be ((-6)/7)/(d/28). Determine t(m).
-8
Let n(t) = 24*t**2 - 2*t + 4. Let a(k) = 11*k**2 - k + 2. Let s(d) = 13*a(d) - 6*n(d). Determine s(-3).
-4
Let j(p) be the third derivative of -p**6/120 - 7*p**5/60 + 4*p**3/3 - 2*p**2. Give j(-7).
8
Let f(d) = -d**3 - 11*d**2 - 6. Let g(s) = -s**2 - 1. Suppose -4*m + z - 22 = 0, -z - 16 = 2*m + z. Let y(k) = m*g(k) + f(k). Give y(-5).
0
Suppose -53 = -4*l - 17. Let z be 4/(-6) - 30/l. Let d(p) be the first derivative of -p**4/4 - 5*p**3/3 - 3*p**2/2 + 1. What is d(z)?
-4
Let n(k) = k**2 - 1. Let t = 37 - 26. Let m = t + -1. Suppose -2*f + m = 3*p, 3*p + 3*f = 8 + 7. Give n(p).
-1
Let m(z) = z. Let k(j) = 7*j - 4. Let d(l) = -k(l) + 6*m(l). Let p be 4 - (40/(-30) + (-2)/3). What is d(p)?
-2
Let c(o) = -5*o**2 + 0*o**3 - 4*o - o**3 + 5*o + 0*o**3 + 5. Suppose 57 + 8 = -5*h. Let q = 8 + h. What is c(q)?
0
Let g(b) = 5*b + 1. Let t = -1 + 0. Let m(w) = -w + 1. Let h(n) = t*g(n) - m(n). Suppose 5*j + 8 = 2*s, 5*j - 2*j + 3*s + 9 = 0. Give h(j).
6
Suppose 8*t = 3*t + 2*t. Let l(w) = -w**2 + 13. Calculate l(t).
13
Let i(x) = -x**3 - 3*x**2 - x + 1. Let v be i(-2). Let j(d) be the second derivative of -2*d + 1/2*d**2 + 3/20*d**5 - 1/6*d**4 + 0*d**3 + 0. Give j(v).
-4
Let n(z) = -2*z**3 + 9*z**2 - 8*z + 4. Let j(x) = -x**3 + x**2 - x - 1. Let r(m) = 3*j(m) - n(m). Determine r(-7).
7
Let j = 3 + -1. Let h(b) = 3*b - 3. Determine h(j).
3
Let a be 5 + (-2)/(2 - 0). Let t(u) be the third derivative of -u**5/60 + 5*u**4/24 - u**3/2 - u**2 + 20. Calculate t(a).
1
Let j(q) = q**2 - q + 1. Let k(m) = -5*m**2 + 2*m - 7. Suppose -3*c + 4*n + 2 = 1, -2*c = -n + 1. Let r(f) = c*k(f) - 4*j(f). What is r(-2)?
3
Let w(c) = c**3 + c + 6. Let h(y) = -y**2 + 6*y - 5. Let q be h(5). Suppose 0*d - 5*d = q. Give w(d).
6
Let y(j) = -9*j**3 - 3*j**2 + 23*j + 5. Let x(w) = -5*w**3 - w**2 + 12*w + 2. Let b(l) = 7*x(l) - 4*y(l). What is b(-6)?
6
Let s = 0 + 2. Suppose 2*d + 2*u - 6 - s = 0, -4*d + 4*u - 16 = 0. Suppose -4*h - h - 2*i = 11, h - i - 2 = d. Let f(g) = 2*g**2 + g. Calculate f(h).
1
Let k = 170/3 + -56. Let w(x) be the third derivative of -k*x**3 + 0*x - 1/12*x**4 + 0 + x**2. Give w(-5).
6
Let l(h) = 5*h**3 - 5*h**2 + 7*h + 5. Let g(f) = -6*f**3 + 6*f**2 - 8*f - 6. Let z = 2 + 1. Suppose c = -z*c - 28. Let j(o) = c*l(o) - 6*g(o). Determine j(-2).
-9
Let q(x) = 4*x**3 - 2*x**2 + 1. Let k be q(1). Let g(m) = m**2 - 3*m - 2. Determine g(k).
-2
Let b be ((-2)/4)/((-1)/(-10)). Let m(u) be the second derivative of 0 + 9*u - 1/6*u**3 - 2*u**2. Calculate m(b).
1
Let v(n) be the second derivative of 1/3*n**3 - 3*n + 5/2*n**2 + 0. Give v(-4).
-3
Let o = -65 - -73. Let c(v) = -3*v + 4. Determine c(o).
-20
Let k(u) = -u**3 + 6*u**2 - 6*u + 3. Let m be (-2)/(3/(1*-6)). Calculate k(m).
11
Let w = -1 + 3. Let h(q) = -q - w*q - 1 + 2*q. What is h(6)?
-7
Let b(s) = -s**2 + 3*s. Let d(m) = m - 4. Let y be d(12). Let j = y + -5. Determine b(j).
0
Let k(p) = -6*p + 2*p**2 - p**2 + 3*p + 2. Suppose -4*c + 3*c = -3. Determine k(c).
2
Let p(l) be the third derivative of -l**5/120 - l**4/12 + l**3/2 - 4*l**2. Let q(h) be the first derivative of p(h). What is q(5)?
-7
Let v(g) = -7*g**3 + 6*g**2 + 12*g - 9. Let b(a) = -3*a**3 + 3*a**2 + 6*a - 4. Let f(y) = -5*b(y) + 2*v(y). Calculate f(4).
-6
Suppose 5*q - s - 11 = 0, -5*s - 6 - 9 = -5*q. Suppose 0 = -2*c - 2*w - 2, -5*c - 2*w + q = 7. Let d(v) = 8*v**2 + 0 + 1 - 2. Calculate d(c).
7
Let a(d) = -2*d + 7. Let c = -3 - -7. Let h be a(c). Let o(b) = -b**2 + b. Calculate o(h).
-2
Let t(q) = 3*q + 0 - 1 - 2*q - 8. Give t(4).
-5
Let p(n) = 4*n + 1. Let j(g) = -3*g - 14. Let w be j(-5). Let k(t) = -4 + 4 - t. Let c(o) = w*p(o) - 2*k(o). What is c(1)?
7
Let c(w) be the third derivative of w**5/60 + 5*w**4/24 - w**3/6 - 2*w**2. Suppose 5*o + 1 = -24. What is c(o)?
-1
Suppose r + 16 = 3*c - 0*c, 3*r + 5*c = 8. Let x(k) = -4*k**3 - k**2 + 4*k + 5. Let b(v) = -v**3 + v**2 + v + 1. Let h(a) = 3*b(a) - x(a). Give h(r).
2
Let j(t) = -9*t + 1. Let d(i) = -9*i + 1. Let o(l) = -4*d(l) + 5*j(l). Let q(c) = -26*c + 3. Let p(n) = 8*o(n) - 3*q(n). Give p(-1).
-7
Let h(r) be the first derivative of -r**3/3 - r**2 - r + 13. What is h(-1)?
0
Let s(i) = 2*i + 3. Suppose -c + 8 = 3*o, 5*c - c = o - 7. What is s(o)?
9
Let m be 4*(0 + 6/(-8)). Let a(d) = 3*d**2 + 2*d - 4. Suppose 0 = -3*o - 9 - 6. Let y(u) = 7*u**2 + 5*u - 9. Let q(j) = o*a(j) + 2*y(j). Calculate q(m).
-7
Let o = 26 - 37. Let a = 16 + o. Let w(x) = -x - 1. Give w(a).
-6
Let b(v) = -v**3 + 2*v**2 + 5*v + 3. Let q be (-60)/(-8)*(-2)/(-3). Suppose -o + 19 = q*d, -14 = -4*d - o + 1. Calculate b(d).
-9
Suppose -11*x - 8 = -7*x. Let v(t) = -3*t**2 - 3*t - 1. Calculate v(x).
-7
Let r(b) = -b**2 + 4*b + 2. Suppose -5*s + 3*d + 20 = 4*d, -3*s + 4*d = -35. Determine r(s).
-3
Let l(p) = 2*p**2 - p - 1. Suppose 3*d - i = 13, -3*d + 2*i + 2 + 9 = 0. Suppose d*c + 10 = -0*c. What is l(c)?
9
Let m(d) = -6*d - 1. Let n be (0 + -2)/(22/(-33)). What is m(n)?
-19
Let r(d) = d + 11. Let s be r(-9). Let n(t) = -3*t**2 + 3*t**2 - 9*t + 4 + t**s. Let j(f) = f - 1. Let g(l) = 3*j(l) + n(l). Give g(5).
-4
Let i(y) = -8 - 10*y - 7 + 0*y**2 - y**2. Let f be i(-7). Let u(c) = c**3 - 5*c**2 - 5*c - 4. What is u(f)?
2
Let k(s) = -s**2 + s + 2. Let v(g) = -2*g - 4. Let j be v(-3). Calculate k(j).
0
Let q(z) = -z + 0*z + 0*z - 5. Give q(0).
-5
Suppose -4*j = -9*j. Let i be j/(-1) + -1 + -3. Let v(x) = -x**2 - 5*x - 2. Determine v(i).
2
Let m be 10/3 + 2/3. Let n(j) = -1 + 0*j + 2*j - m*j. Let c = -6 + 3. Give n(c).
5
Let y(k) = k**2 - 6*k. Let q(v) = v - 6. Let u be q(8). Suppose -3*w - p = -10, u*w = 5*p - 10 + 45. Let i be y(w). Let g(b) = -b - 12. Determine g(i).
-7
Suppose 4*l + 0*l - 17 = 3*u, -5*u - 5 = 5*l. Let c(j) = 7*j**l - j + j**3 + j + 5*j. Determine c(-6).
6
Suppose 5*a + 0 = 20. Let b(o) = -o**3 + 3*o - 4 + 4*o - a*o**2 - 2*o. Determine b(-5).
-4
Let v be 4/10 - (-91)/35. Suppose -27 = 5*x + 5*t + 8, 5*x + v*t = -29. Let l be 3/x - (-1)/(-4). Let r(i) = 3*i**3 - 2*i**2 - i. Determine r(l).
-4
Let r(k) = k**3 + 4*k**2 - 7*k - 7. Suppose -2*f + 4 + 0 = 0. Suppose -f*b 